{"id":4,"date":"2016-07-11T22:52:41","date_gmt":"2016-07-11T20:52:41","guid":{"rendered":"http:\/\/photomaisonslaffitte.fr\/photo_club_ml\/?page_id=4"},"modified":"2025-10-28T17:58:50","modified_gmt":"2025-10-28T16:58:50","slug":"presentation-du-photo-club","status":"publish","type":"page","link":"https:\/\/photomaisonslaffitte.fr\/photo_club_ml\/presentation-du-photo-club\/","title":{"rendered":"Pr\u00e9sentation"},"content":{"rendered":"\t\t<div data-elementor-type=\"wp-page\" data-elementor-id=\"4\" class=\"elementor elementor-4\">\n\t\t\t\t\t\t<section class=\"elementor-section elementor-top-section elementor-element elementor-element-515dcd8 elementor-section-boxed elementor-section-height-default elementor-section-height-default\" data-id=\"515dcd8\" data-element_type=\"section\" data-e-type=\"section\">\n\t\t\t\t\t\t<div class=\"elementor-container elementor-column-gap-default\">\n\t\t\t\t\t<div class=\"elementor-column elementor-col-100 elementor-top-column elementor-element elementor-element-4eb7406c\" data-id=\"4eb7406c\" data-element_type=\"column\" data-e-type=\"column\">\n\t\t\t<div class=\"elementor-widget-wrap elementor-element-populated\">\n\t\t\t\t\t\t<div class=\"elementor-element elementor-element-2133fbd9 elementor-widget elementor-widget-text-editor\" data-id=\"2133fbd9\" data-element_type=\"widget\" data-e-type=\"widget\" data-widget_type=\"text-editor.default\">\n\t\t\t\t<div class=\"elementor-widget-container\">\n\t\t\t\t\t\t\t\t\t<h5 style=\"text-align: center;\">Le Photoclub de Maisons-Laffitte<\/h5>\n<p style=\"text-align: center;\">Le Club est fort d\u2019une quarantaine de passionn\u00e9s de photographie, jeunes, moins jeunes, vieux routiers de la photo et d\u00e9butants.<\/p>\n<p style=\"text-align: center;\">Le Club est une section de l\u2019<a href=\"http:\/\/www.usml.fr\/\">USML (Union Sportive et Culturelle de Maisons Laffitte et du Mesnil-le-Roi<\/a>.<\/p>\n<p style=\"text-align: center;\">Le Club est \u00e9galement membre de la <a href=\"http:\/\/federation-photo.fr\/\">FPF (F\u00e9d\u00e9ration Photographique de France)<\/a>.<\/p>\n<p style=\"text-align: center;\">Nous nous r\u00e9unissons&nbsp;le mardi soir (ateliers) et le&nbsp;&nbsp;jeudi soir : diaporama, critique photos, \u00e9changes de conseils de labo et de prise de vue, de trucs et d\u2019astuces.<\/p>\n<p style=\"text-align: center;\">Un studio photo \u00e9quip\u00e9, partag\u00e9 avec le vid\u00e9o club Boucles de Seine Images est \u00e0 notre dispositions selon un planning de r\u00e9servation.<\/p>\n<p style=\"text-align: center;\"><img fetchpriority=\"high\" decoding=\"async\" src=\"https:\/\/photomaisonslaffitte.fr\/photo_club_ml\/wp-content\/uploads\/2021\/10\/IMG_99501-1024x768.jpg\" alt=\"\" width=\"720\" height=\"540\"><\/p>\n<p style=\"text-align: center;\"><strong style=\"font-style: inherit; letter-spacing: 0.2px; background-color: var(--ast-global-color-5);\"><u>Composition du bureau pour l\u2019exercice 2025-2026<\/u><\/strong><\/p>\n<p style=\"text-align: center;\">Pr\u00e9sident<span style=\"font-weight: var( --e-global-typography-text-font-weight ); letter-spacing: 0.2px; background-color: var(--ast-global-color-5); font-size: 1rem;\">&nbsp;:<\/span><span style=\"letter-spacing: 0.2px; background-color: var(--ast-global-color-5); font-size: 1rem; font-weight: bolder;\">&nbsp;Laurent Moquin<\/span><\/p>\n<p style=\"text-align: center;\">Vice-pr\u00e9sident&nbsp;<span style=\"font-style: inherit; font-weight: inherit; letter-spacing: 0.2px; font-size: 1rem; background-color: var(--ast-global-color-5);\">&nbsp;:&nbsp;<\/span><span style=\"font-style: inherit; letter-spacing: 0.2px; font-size: 1rem; font-weight: bolder; background-color: var(--ast-global-color-5);\">Philippe Brand<\/span><\/p>\n<p style=\"text-align: center;\"><span style=\"letter-spacing: 0.2px; font-size: 1rem;\">Tr\u00e9sorier :<\/span><span style=\"letter-spacing: 0.2px; font-size: 1rem; font-weight: bolder;\">&nbsp;Robert Milli<\/span><\/p>\n<p style=\"text-align: center;\">Tr\u00e9sorier-adjoint:<strong> Mickael Debucoit<\/strong><\/p>\n<p style=\"text-align: center;\">Secr\u00e9taire : <strong>Paule Riffault&nbsp;<\/strong><\/p>\n<p style=\"text-align: center;\"><span style=\"letter-spacing: 0.2px;\">Secr\u00e9taire adjoint<\/span><span style=\"font-size: 1rem; letter-spacing: 0.2px;\">\/correspondant USML-FPF :<\/span><span style=\"font-size: 1rem; letter-spacing: 0.2px; font-weight: bolder;\">&nbsp;Patrick Filmotte<\/span><\/p>\n<p style=\"text-align: center;\"><u style=\"font-style: inherit; letter-spacing: 0.2px; font-weight: bold;\">animation, responsables d\u00e9l\u00e9gu\u00e9s<\/u><\/p>\n<p style=\"text-align: center;\"><span style=\"letter-spacing: 0.2px;\">Correspondants&nbsp; F\u00e9d\u00e9ration Photographique de France :&nbsp;<\/span><span style=\"letter-spacing: 0.2px; font-weight: bold;\">Fr\u00e9d\u00e9rique Denis\/Guy Royer\/Isabelle Free<\/span><\/p>\n<p style=\"text-align: center;\"><span style=\"font-size: 1rem; font-style: inherit; font-weight: inherit; letter-spacing: 0.2px;\">Gestion informatique\/Internet&nbsp;<\/span><span style=\"font-size: 1rem; font-style: inherit; font-weight: inherit; letter-spacing: 0.2px;\">:&nbsp;<\/span><span style=\"font-size: 1rem; font-style: inherit; letter-spacing: 0.2px; font-weight: bold;\">&nbsp;<\/span><b><span style=\"font-size: 1rem; font-style: inherit; letter-spacing: 0.2px;\">Robert Milli\/ Patrick Filmotte\/<\/span><span style=\"font-style: inherit; letter-spacing: 0.2px;\">&nbsp;<\/span><span style=\"font-style: inherit; letter-spacing: 0.2px;\">Didier Braul<\/span><span style=\"font-style: inherit; letter-spacing: 0.2px;\">t<\/span><\/b><\/p>\n<p style=\"text-align: center;\"><span style=\"font-style: inherit; font-weight: inherit; letter-spacing: 0.2px;\">gestion du studio :&nbsp;<\/span><span style=\"font-style: inherit; letter-spacing: 0.2px; font-weight: bold;\">Gilles Fossier<\/span><\/p>\n<p style=\"text-align: center;\"><span style=\"letter-spacing: 0.2px;\">gestion laboratoire argentique :&nbsp;<\/span><span style=\"font-weight: bold; letter-spacing: 0.2px; background-color: var(--ast-global-color-5); font-size: 1rem;\">Robert Milli<\/span><span style=\"letter-spacing: 0.2px; font-weight: bold;\"><br><\/span><\/p>\n<p style=\"text-align: center;\"><span style=\"font-style: inherit; font-weight: inherit; letter-spacing: 0.2px; font-size: 1rem;\">Gestion informatique des images, Lightroom, Photoshop, tirage num\u00e9rique:&nbsp;<\/span><span style=\"font-style: inherit; letter-spacing: 0.2px; font-size: 1rem; font-weight: bold;\">Michel Riffault\/Alain Roy<\/span><span style=\"letter-spacing: 0.2px; font-weight: bold;\">&nbsp;<\/span><\/p>\n<p style=\"text-align: center;\"><span style=\"letter-spacing: 0.2px;\">&nbsp; &nbsp;Gestion expositions:&nbsp;<\/span><span style=\"letter-spacing: 0.2px; font-weight: bold;\">Paule et Michel Riffault \/ Cathy Brault<\/span><\/p>\n<p style=\"text-align: center;\"><span style=\"font-style: inherit; letter-spacing: 0.2px;\">Photo-composition :&nbsp;<\/span><span style=\"font-style: inherit; letter-spacing: 0.2px; font-weight: bold;\">Paule Riffault<\/span><\/p>\n<p style=\"text-align: center;\"><b style=\"letter-spacing: 0.2px;\"><u>\u00c9quipe d\u2019animation (non exhaustif) :<\/u><\/b><\/p>\n<p style=\"text-align: center;\"><em style=\"letter-spacing: 0.2px;\">Cette liste n\u2019est pas exclusive, tous les membres du club peuvent animer ou quo-animer&nbsp; nos r\u00e9unions selon leurs&nbsp;comp\u00e9tences en particulier pour l&#8217;utilisation de divers logiciels du march\u00e9 (par exemple DXO photolab, DXO Nicksoftware, Luminar, Capture<\/em><em style=\"font-weight: var( --e-global-typography-text-font-weight ); letter-spacing: 0.2px; background-color: var(--ast-global-color-5); font-size: 1rem;\">&nbsp;one,&#8230;)<\/em><b style=\"letter-spacing: 0.2px;\"><br><\/b><\/p>\n<p style=\"text-align: center;\"><strong style=\"font-style: inherit; letter-spacing: 0.2px; background-color: var(--ast-global-color-5); text-align: left;\">&nbsp;&nbsp;<\/strong><span style=\"font-style: inherit; font-weight: var( --e-global-typography-text-font-weight ); letter-spacing: 0.2px; background-color: var(--ast-global-color-5); text-align: left;\">animation s\u00e9ances (salle\/zoom): <\/span><span style=\"font-style: inherit; letter-spacing: 0.2px; background-color: var(--ast-global-color-5); font-weight: bold; text-align: left;\">Membres volontaires<\/span><\/p>\n<p style=\"text-align: center;\"><span style=\"font-style: inherit; font-weight: inherit; letter-spacing: 0.2px;\">&nbsp;Initiation perfectionnement tirage argentique, proc\u00e9d\u00e9s anciens:&nbsp;<\/span><span style=\"text-align: left;\">:<\/span><span style=\"font-style: inherit; font-weight: bold; letter-spacing: 0.2px;\">Robert Milli<\/span><\/p>\n<p style=\"text-align: center;\">Initiation-perfectionnement, prise de vue en studio:&nbsp;<span style=\"font-weight: bold; letter-spacing: 0.2px;\">Gilles Fossier, Mickael Debucoit,&nbsp;Patrick Filmotte<\/span><\/p>\n<p style=\"text-align: center;\"><b style=\"font-style: inherit; letter-spacing: 0.2px;\">&nbsp;<\/b><span style=\"font-style: inherit; font-weight: inherit; letter-spacing: 0.2px;\">sorties photos: <\/span><b style=\"font-style: inherit; letter-spacing: 0.2px;\">Sur propositions membres<\/b><span style=\"font-weight: bold; letter-spacing: 0.2px; font-style: inherit;\">&nbsp;<\/span><\/p>\n<p style=\"text-align: center;\"><span style=\"letter-spacing: 0.2px; font-weight: bold;\"><i>lieu de r\u00e9union principal: 9bis, rue Madeleine Boulenc de Cr\u00e8vecoeur&nbsp; \u00e0 Maisons-Laffitte<\/i><\/span><\/p>\n<p style=\"text-align: center;\">\n<\/p>\t\t\t\t\t\t\t\t<\/div>\n\t\t\t\t<\/div>\n\t\t\t\t\t<\/div>\n\t\t<\/div>\n\t\t\t\t\t<\/div>\n\t\t<\/section>\n\t\t\t\t<section class=\"elementor-section elementor-top-section elementor-element elementor-element-fefdb47 elementor-section-boxed elementor-section-height-default elementor-section-height-default\" data-id=\"fefdb47\" data-element_type=\"section\" data-e-type=\"section\">\n\t\t\t\t\t\t<div class=\"elementor-container elementor-column-gap-default\">\n\t\t\t\t\t<div class=\"elementor-column elementor-col-100 elementor-top-column elementor-element elementor-element-7675938\" data-id=\"7675938\" data-element_type=\"column\" data-e-type=\"column\">\n\t\t\t<div class=\"elementor-widget-wrap elementor-element-populated\">\n\t\t\t\t\t\t<div class=\"elementor-element elementor-element-cbc5012 elementor-widget elementor-widget-text-editor\" data-id=\"cbc5012\" data-element_type=\"widget\" data-e-type=\"widget\" data-widget_type=\"text-editor.default\">\n\t\t\t\t<div class=\"elementor-widget-container\">\n\t\t\t\t\t\t\t\t\t<p>membre d&#8217;honneur\u00a0: Marius Lewerenz \u2020<img decoding=\"async\" class=\"size-medium wp-image-14568 aligncenter\" src=\"https:\/\/photomaisonslaffitte.fr\/photo_club_ml\/wp-content\/uploads\/2025\/09\/GIFO-Marius-20230218_084128-225x300.jpg\" alt=\"\" width=\"225\" height=\"300\" srcset=\"https:\/\/photomaisonslaffitte.fr\/photo_club_ml\/wp-content\/uploads\/2025\/09\/GIFO-Marius-20230218_084128-225x300.jpg 225w, https:\/\/photomaisonslaffitte.fr\/photo_club_ml\/wp-content\/uploads\/2025\/09\/GIFO-Marius-20230218_084128-768x1024.jpg 768w, https:\/\/photomaisonslaffitte.fr\/photo_club_ml\/wp-content\/uploads\/2025\/09\/GIFO-Marius-20230218_084128.jpg 810w\" sizes=\"(max-width: 225px) 100vw, 225px\" \/><\/p><p>\u00a0<\/p>\t\t\t\t\t\t\t\t<\/div>\n\t\t\t\t<\/div>\n\t\t\t\t\t<\/div>\n\t\t<\/div>\n\t\t\t\t\t<\/div>\n\t\t<\/section>\n\t\t\t\t<section class=\"elementor-section elementor-top-section elementor-element elementor-element-651f86b elementor-section-boxed elementor-section-height-default elementor-section-height-default\" data-id=\"651f86b\" data-element_type=\"section\" data-e-type=\"section\">\n\t\t\t\t\t\t<div class=\"elementor-container elementor-column-gap-default\">\n\t\t\t\t\t<div class=\"elementor-column elementor-col-33 elementor-top-column elementor-element elementor-element-fce6067\" data-id=\"fce6067\" data-element_type=\"column\" data-e-type=\"column\">\n\t\t\t<div class=\"elementor-widget-wrap elementor-element-populated\">\n\t\t\t\t\t\t<div class=\"elementor-element elementor-element-d4d55ea elementor-widget elementor-widget-image\" data-id=\"d4d55ea\" data-element_type=\"widget\" data-e-type=\"widget\" data-widget_type=\"image.default\">\n\t\t\t\t<div class=\"elementor-widget-container\">\n\t\t\t\t\t\t\t\t\t\t\t\t\t\t\t<img decoding=\"async\" width=\"90\" height=\"90\" src=\"https:\/\/photomaisonslaffitte.fr\/photo_club_ml\/wp-content\/uploads\/2019\/03\/Logo-pageAccueil1.png\" class=\"attachment-thumbnail size-thumbnail wp-image-2991\" alt=\"\" \/>\t\t\t\t\t\t\t\t\t\t\t\t\t\t\t<\/div>\n\t\t\t\t<\/div>\n\t\t\t\t\t<\/div>\n\t\t<\/div>\n\t\t\t\t<div class=\"elementor-column elementor-col-33 elementor-top-column elementor-element elementor-element-b96a668\" data-id=\"b96a668\" data-element_type=\"column\" data-e-type=\"column\">\n\t\t\t<div class=\"elementor-widget-wrap elementor-element-populated\">\n\t\t\t\t\t\t<div class=\"elementor-element elementor-element-6e028a1 elementor-widget elementor-widget-heading\" data-id=\"6e028a1\" data-element_type=\"widget\" data-e-type=\"widget\" data-widget_type=\"heading.default\">\n\t\t\t\t<div class=\"elementor-widget-container\">\n\t\t\t\t\t<h2 class=\"elementor-heading-title elementor-size-default\">section photo de <\/h2>\t\t\t\t<\/div>\n\t\t\t\t<\/div>\n\t\t\t\t\t<\/div>\n\t\t<\/div>\n\t\t\t\t<div class=\"elementor-column elementor-col-33 elementor-top-column elementor-element elementor-element-737608d\" data-id=\"737608d\" data-element_type=\"column\" data-e-type=\"column\">\n\t\t\t<div class=\"elementor-widget-wrap elementor-element-populated\">\n\t\t\t\t\t\t<div class=\"elementor-element elementor-element-f820895 elementor-widget elementor-widget-image\" data-id=\"f820895\" data-element_type=\"widget\" data-e-type=\"widget\" data-widget_type=\"image.default\">\n\t\t\t\t<div class=\"elementor-widget-container\">\n\t\t\t\t\t\t\t\t\t\t\t\t\t\t\t\t<a href=\"https:\/\/www.usml.fr\/\">\n\t\t\t\t\t\t\t<img decoding=\"async\" src=\"https:\/\/photomaisonslaffitte.fr\/photo_club_ml\/wp-content\/uploads\/elementor\/thumbs\/logo-usml-r6s25mv63ktwn3tkdptydn2s5f73t94amclg1ddgq0.png\" title=\"logo-usml\" alt=\"logo-usml\" loading=\"lazy\" \/>\t\t\t\t\t\t\t\t<\/a>\n\t\t\t\t\t\t\t\t\t\t\t\t\t\t\t<\/div>\n\t\t\t\t<\/div>\n\t\t\t\t\t<\/div>\n\t\t<\/div>\n\t\t\t\t\t<\/div>\n\t\t<\/section>\n\t\t\t\t<\/div>\n\t\t","protected":false},"excerpt":{"rendered":"<p>Le Photoclub de Maisons-Laffitte Le Club est fort d\u2019une quarantaine de passionn\u00e9s de photographie, jeunes, moins jeunes, vieux routiers de la photo et d\u00e9butants. Le Club est une section de [&hellip;]<\/p>\n","protected":false},"author":1,"featured_media":3338,"parent":0,"menu_order":3,"comment_status":"closed","ping_status":"closed","template":"","meta":{"site-sidebar-layout":"default","site-content-layout":"","ast-site-content-layout":"default","site-content-style":"default","site-sidebar-style":"default","ast-global-header-display":"","ast-banner-title-visibility":"","ast-main-header-display":"","ast-hfb-above-header-display":"","ast-hfb-below-header-display":"","ast-hfb-mobile-header-display":"","site-post-title":"disabled","ast-breadcrumbs-content":"","ast-featured-img":"disabled","footer-sml-layout":"","ast-disable-related-posts":"","theme-transparent-header-meta":"","adv-header-id-meta":"","stick-header-meta":"","header-above-stick-meta":"","header-main-stick-meta":"","header-below-stick-meta":"","astra-migrate-meta-layouts":"set","ast-page-background-enabled":"default","ast-page-background-meta":{"desktop":{"background-color":"var(--ast-global-color-4)","background-image":"","background-repeat":"repeat","background-position":"center center","background-size":"auto","background-attachment":"scroll","background-type":"","background-media":"","overlay-type":"","overlay-color":"","overlay-opacity":"","overlay-gradient":""},"tablet":{"background-color":"","background-image":"","background-repeat":"repeat","background-position":"center center","background-size":"auto","background-attachment":"scroll","background-type":"","background-media":"","overlay-type":"","overlay-color":"","overlay-opacity":"","overlay-gradient":""},"mobile":{"background-color":"","background-image":"","background-repeat":"repeat","background-position":"center center","background-size":"auto","background-attachment":"scroll","background-type":"","background-media":"","overlay-type":"","overlay-color":"","overlay-opacity":"","overlay-gradient":""}},"ast-content-background-meta":{"desktop":{"background-color":"var(--ast-global-color-5)","background-image":"","background-repeat":"repeat","background-position":"center center","background-size":"auto","background-attachment":"scroll","background-type":"","background-media":"","overlay-type":"","overlay-color":"","overlay-opacity":"","overlay-gradient":""},"tablet":{"background-color":"var(--ast-global-color-5)","background-image":"","background-repeat":"repeat","background-position":"center center","background-size":"auto","background-attachment":"scroll","background-type":"","background-media":"","overlay-type":"","overlay-color":"","overlay-opacity":"","overlay-gradient":""},"mobile":{"background-color":"var(--ast-global-color-5)","background-image":"","background-repeat":"repeat","background-position":"center center","background-size":"auto","background-attachment":"scroll","background-type":"","background-media":"","overlay-type":"","overlay-color":"","overlay-opacity":"","overlay-gradient":""}},"_price":"","_stock":"","_tribe_ticket_header":"","_tribe_default_ticket_provider":"","_tribe_ticket_capacity":"0","_ticket_start_date":"","_ticket_end_date":"","_tribe_ticket_show_description":"","_tribe_ticket_show_not_going":false,"_tribe_ticket_use_global_stock":"","_tribe_ticket_global_stock_level":"","_global_stock_mode":"","_global_stock_cap":"","_tribe_rsvp_for_event":"","_tribe_ticket_going_count":"","_tribe_ticket_not_going_count":"","_tribe_tickets_list":"[]","_tribe_ticket_has_attendee_info_fields":false,"footnotes":""},"categories":[],"tags":[],"class_list":["post-4","page","type-page","status-publish","has-post-thumbnail","hentry"],"_links":{"self":[{"href":"https:\/\/photomaisonslaffitte.fr\/photo_club_ml\/wp-json\/wp\/v2\/pages\/4","targetHints":{"allow":["GET"]}}],"collection":[{"href":"https:\/\/photomaisonslaffitte.fr\/photo_club_ml\/wp-json\/wp\/v2\/pages"}],"about":[{"href":"https:\/\/photomaisonslaffitte.fr\/photo_club_ml\/wp-json\/wp\/v2\/types\/page"}],"author":[{"embeddable":true,"href":"https:\/\/photomaisonslaffitte.fr\/photo_club_ml\/wp-json\/wp\/v2\/users\/1"}],"replies":[{"embeddable":true,"href":"https:\/\/photomaisonslaffitte.fr\/photo_club_ml\/wp-json\/wp\/v2\/comments?post=4"}],"version-history":[{"count":2,"href":"https:\/\/photomaisonslaffitte.fr\/photo_club_ml\/wp-json\/wp\/v2\/pages\/4\/revisions"}],"predecessor-version":[{"id":14769,"href":"https:\/\/photomaisonslaffitte.fr\/photo_club_ml\/wp-json\/wp\/v2\/pages\/4\/revisions\/14769"}],"wp:featuredmedia":[{"embeddable":true,"href":"https:\/\/photomaisonslaffitte.fr\/photo_club_ml\/wp-json\/wp\/v2\/media\/3338"}],"wp:attachment":[{"href":"https:\/\/photomaisonslaffitte.fr\/photo_club_ml\/wp-json\/wp\/v2\/media?parent=4"}],"wp:term":[{"taxonomy":"category","embeddable":true,"href":"https:\/\/photomaisonslaffitte.fr\/photo_club_ml\/wp-json\/wp\/v2\/categories?post=4"},{"taxonomy":"post_tag","embeddable":true,"href":"https:\/\/photomaisonslaffitte.fr\/photo_club_ml\/wp-json\/wp\/v2\/tags?post=4"}],"curies":[{"name":"wp","href":"https:\/\/api.w.org\/{rel}","templated":true}]}}