{"id":8019,"date":"2021-02-25T13:52:35","date_gmt":"2021-02-25T12:52:35","guid":{"rendered":"https:\/\/photomaisonslaffitte.fr\/photo_club_ml\/?page_id=8019"},"modified":"2024-03-22T19:55:17","modified_gmt":"2024-03-22T18:55:17","slug":"les-photos-du-mois","status":"publish","type":"page","link":"https:\/\/photomaisonslaffitte.fr\/photo_club_ml\/les-photos-du-mois\/","title":{"rendered":"La s\u00e9lection photo pour le plaisir des yeux"},"content":{"rendered":"\t\t<div data-elementor-type=\"wp-post\" data-elementor-id=\"8019\" class=\"elementor elementor-8019\">\n\t\t\t\t\t\t<section class=\"elementor-section elementor-top-section elementor-element elementor-element-3761db3 elementor-section-boxed elementor-section-height-default elementor-section-height-default\" data-id=\"3761db3\" data-element_type=\"section\" data-e-type=\"section\">\n\t\t\t\t\t\t<div class=\"elementor-container elementor-column-gap-default\">\n\t\t\t\t\t<div class=\"elementor-column elementor-col-100 elementor-top-column elementor-element elementor-element-3c1f049\" data-id=\"3c1f049\" data-element_type=\"column\" data-e-type=\"column\">\n\t\t\t<div class=\"elementor-widget-wrap elementor-element-populated\">\n\t\t\t\t\t\t<div class=\"elementor-element elementor-element-1428cf1 elementor-widget elementor-widget-image\" data-id=\"1428cf1\" data-element_type=\"widget\" data-e-type=\"widget\" data-widget_type=\"image.default\">\n\t\t\t\t<div class=\"elementor-widget-container\">\n\t\t\t\t\t\t\t\t\t\t\t\t\t\t\t<img fetchpriority=\"high\" decoding=\"async\" width=\"640\" height=\"427\" src=\"https:\/\/photomaisonslaffitte.fr\/photo_club_ml\/wp-content\/uploads\/2016\/07\/La-plume\u00a9-Michel-Riffault.jpg\" class=\"attachment-large size-large wp-image-313\" alt=\"\" srcset=\"https:\/\/photomaisonslaffitte.fr\/photo_club_ml\/wp-content\/uploads\/2016\/07\/La-plume\u00a9-Michel-Riffault.jpg 640w, https:\/\/photomaisonslaffitte.fr\/photo_club_ml\/wp-content\/uploads\/2016\/07\/La-plume\u00a9-Michel-Riffault-300x200.jpg 300w\" sizes=\"(max-width: 640px) 100vw, 640px\" \/>\t\t\t\t\t\t\t\t\t\t\t\t\t\t\t<\/div>\n\t\t\t\t<\/div>\n\t\t\t\t<div class=\"elementor-element elementor-element-b54db96 elementor-widget elementor-widget-heading\" data-id=\"b54db96\" data-element_type=\"widget\" data-e-type=\"widget\" data-widget_type=\"heading.default\">\n\t\t\t\t<div class=\"elementor-widget-container\">\n\t\t\t\t\t<h2 class=\"elementor-heading-title elementor-size-default\">UNE PETITE SELECTION DE PHOTOS POUR LE PLAISIR<\/h2>\t\t\t\t<\/div>\n\t\t\t\t<\/div>\n\t\t\t\t\t<\/div>\n\t\t<\/div>\n\t\t\t\t\t<\/div>\n\t\t<\/section>\n\t\t\t\t<section class=\"elementor-section elementor-top-section elementor-element elementor-element-b2334eb elementor-section-boxed elementor-section-height-default elementor-section-height-default\" data-id=\"b2334eb\" data-element_type=\"section\" data-e-type=\"section\">\n\t\t\t\t\t\t<div class=\"elementor-container elementor-column-gap-default\">\n\t\t\t\t\t<div class=\"elementor-column elementor-col-100 elementor-top-column elementor-element elementor-element-51883a5\" data-id=\"51883a5\" data-element_type=\"column\" data-e-type=\"column\">\n\t\t\t<div class=\"elementor-widget-wrap elementor-element-populated\">\n\t\t\t\t\t\t<div class=\"elementor-element elementor-element-d9d3387 elementor-widget elementor-widget-text-editor\" data-id=\"d9d3387\" data-element_type=\"widget\" data-e-type=\"widget\" data-widget_type=\"text-editor.default\">\n\t\t\t\t<div class=\"elementor-widget-container\">\n\t\t\t\t\t\t\t\t\t<h3>SELECTION DE PHOTOS PRESENTEES LORS DES REUNIONS CLUB AU FIL DES MOIS<\/h3><p><em>Tous styles de photos \u00e0 vocation artistique sont pr\u00e9sent\u00e9es. Nous signalons aux visiteurs\u00a0 qu&#8217;ils sont donc susceptibles de tomber sur des photos de nus ou plus g\u00e9n\u00e9ralement des photos pouvant \u00e9ventuellement choquer certaines personnes.<\/em><\/p><p><em>En cas d&#8217;anomalie ou d&#8217;abus constat\u00e9, nous vous invitons \u00e0 lire l&#8217;avertissement en bas de page et nous contacter..<\/em><\/p><p><em style=\"font-weight: inherit; color: var( --e-global-color-text ); font-family: var( --e-global-typography-text-font-family ), Sans-serif; background-color: var(--ast-global-color-5);\"><u><b>cliquez sur la photo pour acc\u00e9der \u00e0 la s\u00e9lection<\/b><\/u><\/em><\/p>\t\t\t\t\t\t\t\t<\/div>\n\t\t\t\t<\/div>\n\t\t\t\t<section class=\"elementor-section elementor-inner-section elementor-element elementor-element-b6db073 elementor-section-boxed elementor-section-height-default elementor-section-height-default\" data-id=\"b6db073\" data-element_type=\"section\" data-e-type=\"section\">\n\t\t\t\t\t\t<div class=\"elementor-container elementor-column-gap-default\">\n\t\t\t\t\t<div class=\"elementor-column elementor-col-100 elementor-inner-column elementor-element elementor-element-208a727\" data-id=\"208a727\" data-element_type=\"column\" data-e-type=\"column\">\n\t\t\t<div class=\"elementor-widget-wrap elementor-element-populated\">\n\t\t\t\t\t\t<div class=\"elementor-element elementor-element-2db9b90 elementor-widget elementor-widget-image\" data-id=\"2db9b90\" data-element_type=\"widget\" data-e-type=\"widget\" data-widget_type=\"image.default\">\n\t\t\t\t<div class=\"elementor-widget-container\">\n\t\t\t\t\t\t\t\t\t\t\t\t<figure class=\"wp-caption\">\n\t\t\t\t\t\t\t\t\t\t\t<a href=\"https:\/\/public.joomeo.com\/albums\/6145e7e48b121\" target=\"_blank\">\n\t\t\t\t\t\t\t<img decoding=\"async\" width=\"768\" height=\"432\" src=\"https:\/\/photomaisonslaffitte.fr\/photo_club_ml\/wp-content\/uploads\/2021\/10\/Michel-RIFFAULT-017-_MG_8089-M-768x432.jpg\" class=\"attachment-medium_large size-medium_large wp-image-9531\" alt=\"\" srcset=\"https:\/\/photomaisonslaffitte.fr\/photo_club_ml\/wp-content\/uploads\/2021\/10\/Michel-RIFFAULT-017-_MG_8089-M-768x432.jpg 768w, https:\/\/photomaisonslaffitte.fr\/photo_club_ml\/wp-content\/uploads\/2021\/10\/Michel-RIFFAULT-017-_MG_8089-M-300x169.jpg 300w, https:\/\/photomaisonslaffitte.fr\/photo_club_ml\/wp-content\/uploads\/2021\/10\/Michel-RIFFAULT-017-_MG_8089-M-1024x576.jpg 1024w, https:\/\/photomaisonslaffitte.fr\/photo_club_ml\/wp-content\/uploads\/2021\/10\/Michel-RIFFAULT-017-_MG_8089-M-1536x864.jpg 1536w, https:\/\/photomaisonslaffitte.fr\/photo_club_ml\/wp-content\/uploads\/2021\/10\/Michel-RIFFAULT-017-_MG_8089-M-1360x765.jpg 1360w, https:\/\/photomaisonslaffitte.fr\/photo_club_ml\/wp-content\/uploads\/2021\/10\/Michel-RIFFAULT-017-_MG_8089-M-960x540.jpg 960w, https:\/\/photomaisonslaffitte.fr\/photo_club_ml\/wp-content\/uploads\/2021\/10\/Michel-RIFFAULT-017-_MG_8089-M-720x405.jpg 720w, https:\/\/photomaisonslaffitte.fr\/photo_club_ml\/wp-content\/uploads\/2021\/10\/Michel-RIFFAULT-017-_MG_8089-M-480x270.jpg 480w, https:\/\/photomaisonslaffitte.fr\/photo_club_ml\/wp-content\/uploads\/2021\/10\/Michel-RIFFAULT-017-_MG_8089-M-320x180.jpg 320w, https:\/\/photomaisonslaffitte.fr\/photo_club_ml\/wp-content\/uploads\/2021\/10\/Michel-RIFFAULT-017-_MG_8089-M-128x72.jpg 128w, https:\/\/photomaisonslaffitte.fr\/photo_club_ml\/wp-content\/uploads\/2021\/10\/Michel-RIFFAULT-017-_MG_8089-M.jpg 1920w\" sizes=\"(max-width: 768px) 100vw, 768px\" \/>\t\t\t\t\t\t\t\t<\/a>\n\t\t\t\t\t\t\t\t\t\t\t<figcaption class=\"widget-image-caption wp-caption-text\"><\/figcaption>\n\t\t\t\t\t\t\t\t\t\t<\/figure>\n\t\t\t\t\t\t\t\t\t<\/div>\n\t\t\t\t<\/div>\n\t\t\t\t\t<\/div>\n\t\t<\/div>\n\t\t\t\t\t<\/div>\n\t\t<\/section>\n\t\t\t\t\t<\/div>\n\t\t<\/div>\n\t\t\t\t\t<\/div>\n\t\t<\/section>\n\t\t\t\t<section class=\"elementor-section elementor-top-section elementor-element elementor-element-b898c98 elementor-section-boxed elementor-section-height-default elementor-section-height-default\" data-id=\"b898c98\" data-element_type=\"section\" data-e-type=\"section\">\n\t\t\t\t\t\t<div class=\"elementor-container elementor-column-gap-default\">\n\t\t\t\t\t<div class=\"elementor-column elementor-col-100 elementor-top-column elementor-element elementor-element-8d75442\" data-id=\"8d75442\" data-element_type=\"column\" data-e-type=\"column\">\n\t\t\t<div class=\"elementor-widget-wrap\">\n\t\t\t\t\t\t\t<\/div>\n\t\t<\/div>\n\t\t\t\t\t<\/div>\n\t\t<\/section>\n\t\t\t\t<section class=\"elementor-section elementor-top-section elementor-element elementor-element-fecc115 elementor-section-boxed elementor-section-height-default elementor-section-height-default\" data-id=\"fecc115\" data-element_type=\"section\" data-e-type=\"section\">\n\t\t\t\t\t\t<div class=\"elementor-container elementor-column-gap-default\">\n\t\t\t\t\t<div class=\"elementor-column elementor-col-100 elementor-top-column elementor-element elementor-element-f9b6612\" data-id=\"f9b6612\" data-element_type=\"column\" data-e-type=\"column\">\n\t\t\t<div class=\"elementor-widget-wrap\">\n\t\t\t\t\t\t\t<\/div>\n\t\t<\/div>\n\t\t\t\t\t<\/div>\n\t\t<\/section>\n\t\t\t\t<section class=\"elementor-section elementor-top-section elementor-element elementor-element-35756ce elementor-section-boxed elementor-section-height-default elementor-section-height-default\" data-id=\"35756ce\" data-element_type=\"section\" data-e-type=\"section\">\n\t\t\t\t\t\t<div class=\"elementor-container elementor-column-gap-default\">\n\t\t\t\t\t<div class=\"elementor-column elementor-col-100 elementor-top-column elementor-element elementor-element-190030f\" data-id=\"190030f\" data-element_type=\"column\" data-e-type=\"column\">\n\t\t\t<div class=\"elementor-widget-wrap\">\n\t\t\t\t\t\t\t<\/div>\n\t\t<\/div>\n\t\t\t\t\t<\/div>\n\t\t<\/section>\n\t\t\t\t<section class=\"elementor-section elementor-top-section elementor-element elementor-element-93d0290 elementor-section-boxed elementor-section-height-default elementor-section-height-default\" data-id=\"93d0290\" data-element_type=\"section\" data-e-type=\"section\">\n\t\t\t\t\t\t<div class=\"elementor-container elementor-column-gap-default\">\n\t\t\t\t\t<div class=\"elementor-column elementor-col-100 elementor-top-column elementor-element elementor-element-4a79e9c\" data-id=\"4a79e9c\" data-element_type=\"column\" data-e-type=\"column\">\n\t\t\t<div class=\"elementor-widget-wrap\">\n\t\t\t\t\t\t\t<\/div>\n\t\t<\/div>\n\t\t\t\t\t<\/div>\n\t\t<\/section>\n\t\t\t\t<section class=\"elementor-section elementor-top-section elementor-element elementor-element-b3624d5 elementor-section-boxed elementor-section-height-default elementor-section-height-default\" data-id=\"b3624d5\" data-element_type=\"section\" data-e-type=\"section\">\n\t\t\t\t\t\t<div class=\"elementor-container elementor-column-gap-default\">\n\t\t\t\t\t<div class=\"elementor-column elementor-col-100 elementor-top-column elementor-element elementor-element-42005a1\" data-id=\"42005a1\" data-element_type=\"column\" data-e-type=\"column\">\n\t\t\t<div class=\"elementor-widget-wrap elementor-element-populated\">\n\t\t\t\t\t\t<div class=\"elementor-element elementor-element-026d78c elementor-widget elementor-widget-text-editor\" data-id=\"026d78c\" data-element_type=\"widget\" data-e-type=\"widget\" data-widget_type=\"text-editor.default\">\n\t\t\t\t<div class=\"elementor-widget-container\">\n\t\t\t\t\t\t\t\t\t<h2 style=\"text-align: center;\"><strong>AVERTISSEMENT<\/strong><\/h2>\n<p style=\"text-align: center;\">Le site&nbsp; expose des photographies personnelles \u00e0 vocation artistique prises par les membres.<\/p>\n<p style=\"text-align: center;\">Les photos restent leur propri\u00e9t\u00e9 et ils restent responsables des droits \u00e0 l&#8217;image de celles-ci.<\/p>\n<p style=\"text-align: center;\">En cas d&#8217;anomalie ou si vous apparaissiez par erreur&nbsp; sans qu&#8217;il ne dispose de votre autorisation de publication, merci de nous le signaler afin que nous puissions y rem\u00e9dier et retirer la photo de la galerie concern\u00e9e.<\/p>\n<p style=\"text-align: center;\">mail: <span style=\"text-decoration: underline;\"><span style=\"color: #0000ff;\"><a style=\"color: #0000ff;\" href=\"mailto:pcml.photoclub@gmail.com\">pcml.photoclub@gmail.com<\/a><\/span><\/span><\/p>\t\t\t\t\t\t\t\t<\/div>\n\t\t\t\t<\/div>\n\t\t\t\t\t<\/div>\n\t\t<\/div>\n\t\t\t\t\t<\/div>\n\t\t<\/section>\n\t\t\t\t<\/div>\n\t\t","protected":false},"excerpt":{"rendered":"<p>UNE PETITE SELECTION DE PHOTOS POUR LE PLAISIR SELECTION DE PHOTOS PRESENTEES LORS DES REUNIONS CLUB AU FIL DES MOIS Tous styles de photos \u00e0 vocation artistique sont pr\u00e9sent\u00e9es. Nous [&hellip;]<\/p>\n","protected":false},"author":16,"featured_media":313,"parent":0,"menu_order":0,"comment_status":"closed","ping_status":"closed","template":"","meta":{"site-sidebar-layout":"default","site-content-layout":"","ast-site-content-layout":"default","site-content-style":"default","site-sidebar-style":"default","ast-global-header-display":"","ast-banner-title-visibility":"","ast-main-header-display":"","ast-hfb-above-header-display":"","ast-hfb-below-header-display":"","ast-hfb-mobile-header-display":"","site-post-title":"disabled","ast-breadcrumbs-content":"","ast-featured-img":"disabled","footer-sml-layout":"","ast-disable-related-posts":"","theme-transparent-header-meta":"","adv-header-id-meta":"","stick-header-meta":"","header-above-stick-meta":"","header-main-stick-meta":"","header-below-stick-meta":"","astra-migrate-meta-layouts":"set","ast-page-background-enabled":"default","ast-page-background-meta":{"desktop":{"background-color":"var(--ast-global-color-4)","background-image":"","background-repeat":"repeat","background-position":"center center","background-size":"auto","background-attachment":"scroll","background-type":"","background-media":"","overlay-type":"","overlay-color":"","overlay-opacity":"","overlay-gradient":""},"tablet":{"background-color":"","background-image":"","background-repeat":"repeat","background-position":"center center","background-size":"auto","background-attachment":"scroll","background-type":"","background-media":"","overlay-type":"","overlay-color":"","overlay-opacity":"","overlay-gradient":""},"mobile":{"background-color":"","background-image":"","background-repeat":"repeat","background-position":"center center","background-size":"auto","background-attachment":"scroll","background-type":"","background-media":"","overlay-type":"","overlay-color":"","overlay-opacity":"","overlay-gradient":""}},"ast-content-background-meta":{"desktop":{"background-color":"var(--ast-global-color-5)","background-image":"","background-repeat":"repeat","background-position":"center center","background-size":"auto","background-attachment":"scroll","background-type":"","background-media":"","overlay-type":"","overlay-color":"","overlay-opacity":"","overlay-gradient":""},"tablet":{"background-color":"var(--ast-global-color-5)","background-image":"","background-repeat":"repeat","background-position":"center center","background-size":"auto","background-attachment":"scroll","background-type":"","background-media":"","overlay-type":"","overlay-color":"","overlay-opacity":"","overlay-gradient":""},"mobile":{"background-color":"var(--ast-global-color-5)","background-image":"","background-repeat":"repeat","background-position":"center center","background-size":"auto","background-attachment":"scroll","background-type":"","background-media":"","overlay-type":"","overlay-color":"","overlay-opacity":"","overlay-gradient":""}},"_price":"","_stock":"","_tribe_ticket_header":"","_tribe_default_ticket_provider":"","_tribe_ticket_capacity":"0","_ticket_start_date":"","_ticket_end_date":"","_tribe_ticket_show_description":"","_tribe_ticket_show_not_going":false,"_tribe_ticket_use_global_stock":"","_tribe_ticket_global_stock_level":"","_global_stock_mode":"","_global_stock_cap":"","_tribe_rsvp_for_event":"","_tribe_ticket_going_count":"","_tribe_ticket_not_going_count":"","_tribe_tickets_list":"[]","_tribe_ticket_has_attendee_info_fields":false,"footnotes":""},"categories":[],"tags":[],"class_list":["post-8019","page","type-page","status-publish","has-post-thumbnail","hentry"],"_links":{"self":[{"href":"https:\/\/photomaisonslaffitte.fr\/photo_club_ml\/wp-json\/wp\/v2\/pages\/8019","targetHints":{"allow":["GET"]}}],"collection":[{"href":"https:\/\/photomaisonslaffitte.fr\/photo_club_ml\/wp-json\/wp\/v2\/pages"}],"about":[{"href":"https:\/\/photomaisonslaffitte.fr\/photo_club_ml\/wp-json\/wp\/v2\/types\/page"}],"author":[{"embeddable":true,"href":"https:\/\/photomaisonslaffitte.fr\/photo_club_ml\/wp-json\/wp\/v2\/users\/16"}],"replies":[{"embeddable":true,"href":"https:\/\/photomaisonslaffitte.fr\/photo_club_ml\/wp-json\/wp\/v2\/comments?post=8019"}],"version-history":[{"count":0,"href":"https:\/\/photomaisonslaffitte.fr\/photo_club_ml\/wp-json\/wp\/v2\/pages\/8019\/revisions"}],"wp:featuredmedia":[{"embeddable":true,"href":"https:\/\/photomaisonslaffitte.fr\/photo_club_ml\/wp-json\/wp\/v2\/media\/313"}],"wp:attachment":[{"href":"https:\/\/photomaisonslaffitte.fr\/photo_club_ml\/wp-json\/wp\/v2\/media?parent=8019"}],"wp:term":[{"taxonomy":"category","embeddable":true,"href":"https:\/\/photomaisonslaffitte.fr\/photo_club_ml\/wp-json\/wp\/v2\/categories?post=8019"},{"taxonomy":"post_tag","embeddable":true,"href":"https:\/\/photomaisonslaffitte.fr\/photo_club_ml\/wp-json\/wp\/v2\/tags?post=8019"}],"curies":[{"name":"wp","href":"https:\/\/api.w.org\/{rel}","templated":true}]}}